Resums mensuals i anuals

2019: Gen | Feb | Mar | Abr | Mai | Jun | Jul | Ago | Sep | Oct | Nov | Des 
2018: Gen | Feb | Mar | Abr | Mai | Jun | Jul | Ago | Sep | Oct | Nov | Des 
2017: Gen | Feb | Mar | Abr | Mai | Jun | Jul | Ago | Sep | Oct | Nov | Des 
2016: Gen | Feb | Mar | Abr | Mai | Jun | Jul | Ago | Sep | Oct | Nov | Des 
2015: Gen | Feb | Mar | Abr | Mai | Jun | Jul | Ago | Sep | Oct | Nov | Des 
2014: Gen | Feb | Mar | Abr | Mai | Jun | Jul | Ago | Sep | Oct | Nov | Des 
2013: Gen | Feb | Mar | Abr | Mai | Jun | Jul | Ago | Sep | Oct | Nov | Des 
2012: Gen | Feb | Mar | Abr | Mai | Jun | Jul | Ago | Sep | Oct | Nov | Des 
2011: Gen | Feb | Mar | Abr | Mai | Jun | Jul | Ago | Sep | Oct | Nov | Des 
2010: Gen | Feb | Mar | Abr | Mai | Jun | Jul | Ago | Sep | Oct | Nov | Des 

Resum pel 05 2011
MONTHLY CLIMATOLOGICAL SUMMARY for MAY. 2011 NAME: Vantage VUE CITY: Santpedor STATE: Bages ELEV: 325 m LAT: 41 47' 08" N LONG: 1 50' 24" E TEMPERATURE (C), RAIN (mm), WIND SPEED (km/hr) HEAT COOL AVG MEAN DEG DEG WIND DOM DAY TEMP HIGH TIME LOW TIME DAYS DAYS RAIN SPEED HIGH TIME DIR ------------------------------------------------------------------------------------ 1 15.1 22.2 15:00 9.3 4:20 4.0 0.8 0.0 3.5 27.4 15:35 SE 2 14.2 20.3 13:45 8.2 5:15 4.3 0.2 0.0 2.1 14.5 10:45 SE 3 15.3 24.3 13:15 8.2 4:40 3.9 0.9 0.8 2.6 25.7 14:15 ENE 4 16.3 23.5 13:25 9.2 4:55 3.2 1.1 0.0 3.7 24.1 14:35 SE 5 16.6 23.5 13:00 11.7 6:00 2.7 1.0 0.0 2.4 20.9 15:10 SE 6 17.9 23.4 12:45 12.4 5:15 1.8 1.5 0.0 4.5 27.4 12:55 SE 7 17.1 21.0 14:20 11.6 23:50 1.7 0.5 16.0 5.5 29.0 10:30 ENE 8 17.6 24.6 14:45 11.8 0:05 2.3 1.6 0.8 3.1 27.4 0:20 SE 9 18.9 26.2 13:50 12.4 4:30 2.0 2.6 0.0 3.1 25.7 13:10 SSE 10 17.8 25.1 13:45 10.9 4:35 2.3 1.8 0.0 3.5 24.1 16:50 SE 11 18.6 26.7 12:15 10.7 5:15 2.2 2.5 0.0 4.0 29.0 13:50 SE 12 18.3 26.4 13:30 12.1 4:55 2.1 2.1 0.2 4.2 29.0 12:35 SE 13 18.4 25.9 12:05 11.9 4:30 1.7 1.8 14.0 2.4 41.8 13:05 SE 14 18.1 28.3 12:30 12.2 4:30 2.1 2.0 23.0 3.5 29.0 15:30 SE 15 16.6 24.4 16:45 10.5 5:05 2.9 1.2 0.4 3.4 30.6 14:35 SE 16 16.8 23.8 14:25 9.8 4:40 2.8 1.3 0.0 2.9 19.3 14:40 SE 17 18.0 25.2 14:25 10.5 3:50 2.4 2.2 0.0 3.7 22.5 15:10 SE 18 18.8 26.2 12:50 11.4 4:40 2.0 2.5 0.0 3.7 30.6 13:30 SE 19 17.6 24.6 13:30 12.1 00:00 2.3 1.7 0.0 4.0 25.7 16:55 SE 20 17.7 25.3 15:00 9.1 4:45 2.8 2.2 0.0 4.3 27.4 9:50 SE 21 18.9 27.6 14:45 9.6 5:00 2.3 3.0 0.0 3.2 22.5 13:20 SE 22 20.7 28.8 12:35 12.5 4:35 1.4 3.8 0.0 2.9 22.5 13:45 SE 23 20.9 30.3 15:20 11.4 4:25 1.5 4.2 0.0 3.4 29.0 15:25 SE 24 22.4 31.8 13:05 13.6 4:30 0.9 5.0 0.0 3.5 25.7 15:30 SE 25 22.3 31.2 13:25 13.5 4:50 0.8 4.9 0.0 4.2 29.0 15:35 SE 26 21.9 30.6 12:15 14.2 4:40 0.7 4.3 0.0 4.7 30.6 14:30 SSE 27 20.2 26.4 13:15 16.4 3:40 0.3 2.2 0.0 5.5 25.7 12:50 SE 28 19.2 26.1 14:45 15.4 00:00 0.8 1.7 0.0 5.3 30.6 11:30 SW 29 20.2 27.9 14:15 12.4 5:05 1.3 3.2 0.0 4.7 32.2 14:50 SE 30 20.2 27.2 13:10 15.4 4:35 0.6 2.5 1.2 3.5 25.7 9:55 NNW 31 17.1 23.9 13:00 13.6 4:10 2.1 0.8 18.8 2.4 27.4 14:50 ENE ------------------------------------------------------------------------------------- 18.4 31.8 24 8.2 2 64.4 66.9 75.2 3.7 41.8 13 SE Max >= 32.0: 0 Max <= 0.0: 0 Min <= 0.0: 0 Min <= -18.0: 0 Max Rain: 23.01 ON 14/05/11 Days of Rain: 9 (> .2 mm) 4 (> 2 mm) 1 (> 20 mm) Heat Base: 18.3 Cool Base: 18.3 Method: Integration