Resums mensuals i anuals

2019: Gen | Feb | Mar | Abr | Mai | Jun | Jul | Ago | Sep | Oct | Nov | Des 
2018: Gen | Feb | Mar | Abr | Mai | Jun | Jul | Ago | Sep | Oct | Nov | Des 
2017: Gen | Feb | Mar | Abr | Mai | Jun | Jul | Ago | Sep | Oct | Nov | Des 
2016: Gen | Feb | Mar | Abr | Mai | Jun | Jul | Ago | Sep | Oct | Nov | Des 
2015: Gen | Feb | Mar | Abr | Mai | Jun | Jul | Ago | Sep | Oct | Nov | Des 
2014: Gen | Feb | Mar | Abr | Mai | Jun | Jul | Ago | Sep | Oct | Nov | Des 
2013: Gen | Feb | Mar | Abr | Mai | Jun | Jul | Ago | Sep | Oct | Nov | Des 
2012: Gen | Feb | Mar | Abr | Mai | Jun | Jul | Ago | Sep | Oct | Nov | Des 
2011: Gen | Feb | Mar | Abr | Mai | Jun | Jul | Ago | Sep | Oct | Nov | Des 
2010: Gen | Feb | Mar | Abr | Mai | Jun | Jul | Ago | Sep | Oct | Nov | Des 

Resum pel 04 2011
MONTHLY CLIMATOLOGICAL SUMMARY for APR. 2011 NAME: Vantage VUE CITY: Santpedor STATE: Bages ELEV: 325 m LAT: 41 47' 08" N LONG: 1 50' 24" E TEMPERATURE (C), RAIN (mm), WIND SPEED (km/hr) HEAT COOL AVG MEAN DEG DEG WIND DOM DAY TEMP HIGH TIME LOW TIME DAYS DAYS RAIN SPEED HIGH TIME DIR ------------------------------------------------------------------------------------ 1 16.2 25.7 13:55 8.3 5:45 3.7 1.6 0.0 2.3 22.5 16:25 SE 2 15.2 23.7 12:40 8.1 5:25 4.2 1.1 0.0 3.4 27.4 13:30 SE 3 15.7 22.2 14:25 8.4 5:30 3.4 0.8 0.0 1.9 24.1 20:00 SE 4 16.1 21.6 15:30 12.5 23:35 2.8 0.6 0.0 2.9 19.3 15:50 W 5 16.2 23.7 14:20 10.7 6:40 3.3 1.1 0.0 2.6 17.7 15:25 SE 6 16.7 25.9 13:55 9.2 5:50 3.3 1.8 0.0 2.7 22.5 14:35 SE 7 17.2 27.1 14:55 8.7 5:05 3.5 2.3 0.0 2.3 14.5 13:35 SE 8 19.5 29.5 13:20 9.6 5:40 2.6 3.8 0.0 1.9 22.5 15:15 W 9 19.6 30.2 14:55 10.4 5:25 2.1 3.4 0.0 2.1 20.9 16:30 SE 10 18.9 25.3 14:45 12.3 4:50 1.6 2.2 0.0 3.7 24.1 18:50 W 11 17.9 25.4 14:50 11.2 5:25 2.3 1.9 0.0 3.2 20.9 1:10 W 12 16.5 23.6 15:40 9.6 5:20 3.1 1.3 0.0 3.9 20.9 12:20 W 13 14.1 20.2 15:10 9.3 5:10 4.3 0.2 0.0 3.5 24.1 17:05 SE 14 14.6 19.1 12:00 11.5 00:00 3.7 0.0 0.0 3.2 17.7 12:35 SE 15 13.6 20.8 13:10 8.9 23:55 4.9 0.2 0.4 3.9 27.4 13:45 SE 16 13.2 20.4 13:50 8.1 5:45 5.4 0.2 0.0 3.4 25.7 15:50 SE 17 13.7 22.0 13:20 6.8 5:15 5.1 0.5 0.0 3.4 22.5 16:05 SE 18 12.8 20.8 13:35 4.9 5:10 5.9 0.4 0.0 3.7 25.7 14:45 SE 19 11.5 18.9 15:45 3.9 5:00 6.8 0.0 0.0 2.7 20.9 15:15 SE 20 12.7 18.7 11:25 5.3 5:10 5.6 0.0 0.0 3.4 24.1 17:00 SE 21 14.4 21.1 13:55 7.4 5:20 4.3 0.4 0.0 5.8 27.4 16:00 NE 22 14.1 16.7 8:55 12.8 4:10 4.3 0.0 1.4 5.1 22.5 1:50 NE 23 13.9 18.6 11:40 11.2 5:10 4.4 0.0 6.8 2.3 19.3 12:00 W 24 15.6 20.6 13:40 11.6 5:30 3.1 0.3 1.4 4.2 19.3 11:40 NE 25 15.7 21.2 16:30 10.6 5:10 3.1 0.4 0.4 2.3 17.7 16:25 NNW 26 15.6 24.7 13:20 10.0 00:00 3.6 0.9 4.6 2.7 25.7 16:50 SE 27 15.7 23.9 12:50 7.8 4:30 3.8 1.2 0.2 3.7 24.1 13:20 SE 28 14.4 21.2 11:35 9.9 23:55 4.3 0.3 8.2 3.5 43.5 16:05 SE 29 13.6 20.2 15:30 8.9 5:00 4.8 0.1 0.6 3.4 25.7 12:30 SE 30 14.9 22.9 13:35 7.4 4:25 4.2 0.8 0.0 3.7 29.0 16:55 SE ------------------------------------------------------------------------------------- 15.3 30.2 9 3.9 19 117.2 27.8 24.0 3.2 43.5 28 SE Max >= 32.0: 0 Max <= 0.0: 0 Min <= 0.0: 0 Min <= -18.0: 0 Max Rain: 8.20 ON 28/04/11 Days of Rain: 9 (> .2 mm) 3 (> 2 mm) 0 (> 20 mm) Heat Base: 18.3 Cool Base: 18.3 Method: Integration