Resums mensuals i anuals

2019: Gen | Feb | Mar | Abr | Mai | Jun | Jul | Ago | Sep | Oct | Nov | Des 
2018: Gen | Feb | Mar | Abr | Mai | Jun | Jul | Ago | Sep | Oct | Nov | Des 
2017: Gen | Feb | Mar | Abr | Mai | Jun | Jul | Ago | Sep | Oct | Nov | Des 
2016: Gen | Feb | Mar | Abr | Mai | Jun | Jul | Ago | Sep | Oct | Nov | Des 
2015: Gen | Feb | Mar | Abr | Mai | Jun | Jul | Ago | Sep | Oct | Nov | Des 
2014: Gen | Feb | Mar | Abr | Mai | Jun | Jul | Ago | Sep | Oct | Nov | Des 
2013: Gen | Feb | Mar | Abr | Mai | Jun | Jul | Ago | Sep | Oct | Nov | Des 
2012: Gen | Feb | Mar | Abr | Mai | Jun | Jul | Ago | Sep | Oct | Nov | Des 
2011: Gen | Feb | Mar | Abr | Mai | Jun | Jul | Ago | Sep | Oct | Nov | Des 
2010: Gen | Feb | Mar | Abr | Mai | Jun | Jul | Ago | Sep | Oct | Nov | Des 

Resum pel 03 2011
MONTHLY CLIMATOLOGICAL SUMMARY for MAR. 2011 NAME: Vantage VUE CITY: Santpedor STATE: Bages ELEV: 325 m LAT: 41 47' 08" N LONG: 1 50' 24" E TEMPERATURE (C), RAIN (mm), WIND SPEED (km/hr) HEAT COOL AVG MEAN DEG DEG WIND DOM DAY TEMP HIGH TIME LOW TIME DAYS DAYS RAIN SPEED HIGH TIME DIR ------------------------------------------------------------------------------------ 1 6.4 14.8 14:45 -1.7 6:20 11.9 0.0 0.0 2.9 27.4 16:15 WNW 2 7.4 13.4 14:35 2.7 4:25 10.9 0.0 0.0 2.6 22.5 17:40 SSE 3 5.2 7.6 0:25 3.2 10:20 13.1 0.0 4.8 1.4 17.7 2:10 SE 4 7.9 11.7 12:45 4.8 4:05 10.4 0.0 0.0 5.6 30.6 10:50 NE 5 8.6 15.9 16:05 1.8 6:35 9.7 0.0 0.0 1.8 16.1 13:35 SE 6 8.2 16.8 14:35 0.6 6:25 10.1 0.0 0.0 1.8 14.5 13:30 SE 7 8.4 17.3 14:40 0.2 6:30 9.9 0.0 0.0 2.4 20.9 13:45 SE 8 7.9 11.6 14:15 3.8 2:35 10.4 0.0 0.0 3.5 20.9 14:55 SE 9 8.4 15.8 16:10 2.4 5:25 9.9 0.0 0.0 2.3 19.3 17:45 SE 10 10.0 17.7 14:20 4.9 0:20 8.3 0.0 0.0 2.7 19.3 14:20 SE 11 8.7 16.4 13:55 2.1 6:15 9.6 0.0 0.0 3.4 22.5 14:20 SE 12 9.7 10.8 14:40 8.5 7:50 8.6 0.0 56.4 6.6 25.7 20:30 NE 13 11.1 17.2 16:00 7.2 5:10 7.2 0.0 0.0 2.3 17.7 8:35 NNW 14 10.1 14.1 13:05 5.8 6:20 8.3 0.0 7.2 3.4 25.7 16:50 NE 15 10.8 12.4 2:20 9.2 23:00 7.5 0.0 31.4 4.3 22.5 15:55 NE 16 11.1 15.1 11:45 8.6 4:20 7.2 0.0 0.6 1.9 20.9 13:05 W 17 12.9 20.0 13:05 7.1 23:55 5.6 0.2 0.0 4.0 33.8 12:05 NW 18 11.3 19.2 15:45 4.1 6:10 7.0 0.0 0.0 2.3 19.3 11:35 W 19 10.8 18.4 14:55 4.9 5:45 7.5 0.0 0.0 1.6 14.5 14:40 W 20 10.4 17.6 14:05 4.3 4:25 7.8 0.0 0.0 3.4 22.5 15:40 SE 21 10.9 17.7 14:55 6.3 5:00 7.4 0.0 0.4 3.4 22.5 15:15 SE 22 9.6 13.1 11:15 6.2 5:50 8.8 0.0 0.0 5.3 33.8 11:35 ENE 23 9.7 16.7 13:10 2.4 6:05 8.6 0.0 0.0 4.0 27.4 13:25 SE 24 9.7 17.5 14:40 2.1 5:45 8.6 0.0 0.0 3.1 22.5 16:00 SE 25 10.5 18.8 14:40 3.9 4:50 7.8 0.0 0.0 2.6 19.3 14:25 SE 26 11.8 21.2 13:20 4.6 6:10 6.7 0.2 0.0 2.9 25.7 13:55 SE 27 13.2 18.1 13:25 9.6 5:40 5.1 0.0 4.8 4.0 29.0 15:55 W 28 13.1 19.2 15:25 8.3 1:25 5.2 0.1 0.0 4.0 24.1 14:10 W 29 11.6 18.4 13:00 8.1 4:30 6.7 0.0 10.8 2.4 32.2 15:15 SE 30 12.2 17.8 14:55 7.7 2:05 6.1 0.0 0.4 2.1 16.1 13:25 W 31 14.8 24.0 15:35 7.8 5:40 4.5 1.0 0.0 2.1 14.5 16:00 SE ------------------------------------------------------------------------------------- 10.1 24.0 31 -1.7 1 256.2 1.5 116.8 3.1 33.8 17 SE Max >= 32.0: 0 Max <= 0.0: 0 Min <= 0.0: 1 Min <= -18.0: 0 Max Rain: 56.39 ON 12/03/11 Days of Rain: 9 (> .2 mm) 6 (> 2 mm) 2 (> 20 mm) Heat Base: 18.3 Cool Base: 18.3 Method: Integration