Resums mensuals i anuals

2019: Gen | Feb | Mar | Abr | Mai | Jun | Jul | Ago | Sep | Oct | Nov | Des 
2018: Gen | Feb | Mar | Abr | Mai | Jun | Jul | Ago | Sep | Oct | Nov | Des 
2017: Gen | Feb | Mar | Abr | Mai | Jun | Jul | Ago | Sep | Oct | Nov | Des 
2016: Gen | Feb | Mar | Abr | Mai | Jun | Jul | Ago | Sep | Oct | Nov | Des 
2015: Gen | Feb | Mar | Abr | Mai | Jun | Jul | Ago | Sep | Oct | Nov | Des 
2014: Gen | Feb | Mar | Abr | Mai | Jun | Jul | Ago | Sep | Oct | Nov | Des 
2013: Gen | Feb | Mar | Abr | Mai | Jun | Jul | Ago | Sep | Oct | Nov | Des 
2012: Gen | Feb | Mar | Abr | Mai | Jun | Jul | Ago | Sep | Oct | Nov | Des 
2011: Gen | Feb | Mar | Abr | Mai | Jun | Jul | Ago | Sep | Oct | Nov | Des 
2010: Gen | Feb | Mar | Abr | Mai | Jun | Jul | Ago | Sep | Oct | Nov | Des 

Resum pel 02 2011
MONTHLY CLIMATOLOGICAL SUMMARY for FEB. 2011 NAME: Vantage VUE CITY: Santpedor STATE: Bages ELEV: 325 m LAT: 41 47' 08" N LONG: 1 50' 24" E TEMPERATURE (C), RAIN (mm), WIND SPEED (km/hr) HEAT COOL AVG MEAN DEG DEG WIND DOM DAY TEMP HIGH TIME LOW TIME DAYS DAYS RAIN SPEED HIGH TIME DIR ------------------------------------------------------------------------------------ 1 3.8 9.9 15:20 -0.7 6:30 14.5 0.0 0.0 1.6 24.1 14:35 SE 2 3.7 11.4 16:20 -2.3 7:15 14.6 0.0 0.0 2.1 17.7 13:15 SE 3 4.3 11.1 15:20 -1.9 6:40 14.0 0.0 0.0 1.6 16.1 14:55 NNW 4 5.7 14.4 14:55 -0.6 7:05 12.6 0.0 0.0 1.4 12.9 16:20 NNW 5 7.1 17.9 16:20 -0.1 7:15 11.2 0.0 0.0 0.8 8.0 11:40 SE 6 7.6 19.4 15:35 -0.2 6:55 10.7 0.0 0.0 0.6 6.4 10:50 SE 7 6.9 17.1 14:35 -0.1 6:45 11.4 0.0 0.0 1.3 16.1 15:15 SE 8 5.8 14.9 15:20 -1.3 7:05 12.5 0.0 0.0 1.1 12.9 14:30 SE 9 5.6 15.2 14:15 -1.2 6:45 12.7 0.0 0.0 1.3 16.1 14:50 SE 10 6.2 16.2 15:40 -1.1 7:20 12.1 0.0 0.0 1.0 9.7 15:55 SE 11 6.0 13.2 16:25 2.4 6:50 12.3 0.0 0.0 0.8 12.9 16:35 SE 12 7.0 14.4 15:20 3.2 23:40 11.3 0.0 0.0 1.3 14.5 15:55 W 13 6.8 15.8 14:10 0.1 6:20 11.5 0.0 0.0 1.8 29.0 14:40 W 14 6.7 9.9 11:20 4.3 2:20 11.6 0.0 0.0 1.3 14.5 11:25 NNW 15 5.6 8.6 14:45 2.4 4:55 12.8 0.0 0.0 1.1 9.7 17:25 NNW 16 7.1 13.3 13:05 1.4 4:25 11.2 0.0 0.0 2.7 27.4 13:35 W 17 5.7 8.6 10:45 3.7 4:15 12.6 0.0 6.4 2.3 19.3 12:20 WNW 18 6.6 15.1 15:40 0.7 6:55 11.7 0.0 0.2 1.6 17.7 15:00 ESE 19 7.0 15.1 13:55 0.5 5:55 11.3 0.0 0.8 2.3 25.7 17:35 W 20 8.3 13.4 14:15 4.2 00:00 10.0 0.0 0.2 1.6 17.7 15:55 WNW 21 7.4 13.2 13:10 0.9 7:10 10.9 0.0 0.0 3.9 40.2 19:00 W 22 10.8 18.6 14:00 3.6 6:50 7.5 0.0 0.0 5.3 45.1 12:20 WNW 23 9.3 15.9 15:45 2.4 6:30 9.0 0.0 0.0 1.4 14.5 18:10 SE 24 9.6 16.4 14:40 5.5 5:45 8.8 0.0 0.0 1.4 14.5 12:40 ENE 25 10.3 18.6 15:30 2.9 6:10 8.0 0.0 0.0 1.9 17.7 16:00 NNW 26 9.6 15.8 13:25 5.0 6:35 8.7 0.0 0.0 3.1 17.7 14:45 SE 27 9.9 15.0 11:35 3.8 00:00 8.4 0.0 0.0 4.7 37.0 11:45 NNW 28 6.0 13.7 15:00 1.2 00:00 12.3 0.0 0.0 2.7 27.4 15:05 NNW ------------------------------------------------------------------------------------- 7.0 19.4 6 -2.3 2 315.8 0.0 7.6 1.9 45.1 22 SE Max >= 32.0: 0 Max <= 0.0: 0 Min <= 0.0: 10 Min <= -18.0: 0 Max Rain: 6.40 ON 17/02/11 Days of Rain: 4 (> .2 mm) 1 (> 2 mm) 0 (> 20 mm) Heat Base: 18.3 Cool Base: 18.3 Method: Integration