Resums mensuals i anuals

2019: Gen | Feb | Mar | Abr | Mai | Jun | Jul | Ago | Sep | Oct | Nov | Des 
2018: Gen | Feb | Mar | Abr | Mai | Jun | Jul | Ago | Sep | Oct | Nov | Des 
2017: Gen | Feb | Mar | Abr | Mai | Jun | Jul | Ago | Sep | Oct | Nov | Des 
2016: Gen | Feb | Mar | Abr | Mai | Jun | Jul | Ago | Sep | Oct | Nov | Des 
2015: Gen | Feb | Mar | Abr | Mai | Jun | Jul | Ago | Sep | Oct | Nov | Des 
2014: Gen | Feb | Mar | Abr | Mai | Jun | Jul | Ago | Sep | Oct | Nov | Des 
2013: Gen | Feb | Mar | Abr | Mai | Jun | Jul | Ago | Sep | Oct | Nov | Des 
2012: Gen | Feb | Mar | Abr | Mai | Jun | Jul | Ago | Sep | Oct | Nov | Des 
2011: Gen | Feb | Mar | Abr | Mai | Jun | Jul | Ago | Sep | Oct | Nov | Des 
2010: Gen | Feb | Mar | Abr | Mai | Jun | Jul | Ago | Sep | Oct | Nov | Des 

Resum pel 01 2011
MONTHLY CLIMATOLOGICAL SUMMARY for JAN. 2011 NAME: Vantage VUE CITY: Santpedor STATE: Bages ELEV: 325 m LAT: 41 47' 08" N LONG: 1 50' 24" E TEMPERATURE (C), RAIN (mm), WIND SPEED (km/hr) HEAT COOL AVG MEAN DEG DEG WIND DOM DAY TEMP HIGH TIME LOW TIME DAYS DAYS RAIN SPEED HIGH TIME DIR ------------------------------------------------------------------------------------ 1 7.3 9.9 15:00 5.6 23:30 11.0 0.0 0.0 0.5 4.8 5:35 SE 2 6.1 11.3 14:30 2.4 22:25 12.2 0.0 0.0 1.6 17.7 15:50 NNW 3 3.5 8.0 13:50 -1.5 23:20 14.8 0.0 0.0 2.3 19.3 3:55 WNW 4 1.7 6.8 14:00 -2.8 4:30 16.6 0.0 0.0 1.0 8.0 7:50 SE 5 6.4 10.7 16:20 2.7 7:55 11.8 0.0 0.0 0.3 6.4 11:50 SE 6 9.3 15.2 14:55 4.7 7:55 9.0 0.0 0.0 0.5 12.9 23:10 SE 7 9.7 18.1 15:15 4.1 8:00 8.6 0.0 0.2 0.8 12.9 15:20 N 8 10.0 16.9 12:05 5.1 5:35 8.3 0.0 0.0 2.6 32.2 12:35 W 9 8.4 15.2 15:25 4.3 7:10 9.9 0.0 0.0 1.3 17.7 13:35 W 10 6.4 10.4 15:05 2.6 23:30 11.9 0.0 0.0 1.8 19.3 13:45 NNW 11 6.2 14.5 15:20 1.6 5:25 12.1 0.0 0.0 1.3 9.7 15:00 SE 12 6.4 14.2 15:25 0.8 7:30 11.9 0.0 0.2 1.3 11.3 14:45 SE 13 6.9 13.2 16:10 3.1 3:45 11.4 0.0 0.0 0.8 11.3 12:15 SE 14 7.4 18.1 15:10 -0.1 7:15 10.9 0.0 0.2 0.8 11.3 16:15 SE 15 6.9 16.3 15:45 1.3 6:35 11.4 0.0 0.0 1.0 9.7 16:50 SE 16 6.7 16.7 15:25 0.4 6:55 11.6 0.0 0.0 0.5 6.4 16:05 SE 17 5.4 15.0 15:20 -0.6 7:55 12.9 0.0 0.2 1.0 12.9 14:45 W 18 5.9 14.4 15:15 0.2 8:10 12.4 0.0 0.0 0.8 6.4 10:00 SE 19 6.9 12.1 14:50 3.7 00:00 11.4 0.0 0.0 0.3 6.4 1:30 SE 20 5.2 10.8 14:00 0.9 21:35 13.1 0.0 0.0 2.1 20.9 23:05 NNW 21 3.4 8.3 12:05 -1.9 00:00 14.9 0.0 0.0 6.9 45.1 15:55 NNW 22 -0.7 6.7 15:25 -6.4 7:15 19.0 0.0 0.0 1.4 11.3 1:25 NNW 23 -1.3 5.5 15:05 -6.0 7:50 19.6 0.0 0.0 1.4 16.1 17:55 WNW 24 -1.1 7.3 15:40 -7.2 6:50 19.4 0.0 0.0 1.1 11.3 13:15 SE 25 -0.6 7.8 14:30 -6.5 6:45 18.9 0.0 0.0 1.6 19.3 17:10 SE 26 -0.2 8.7 15:00 -6.2 7:15 18.5 0.0 0.0 1.1 11.3 17:55 SE 27 3.3 8.7 13:35 -2.6 0:25 15.0 0.0 0.2 3.2 24.1 15:00 NE 28 5.7 8.9 15:10 2.1 6:20 12.6 0.0 21.4 2.1 14.5 0:40 NNW 29 5.4 10.9 13:20 1.2 7:50 12.8 0.0 0.2 1.8 22.5 14:15 W 30 6.4 10.3 13:40 4.5 7:30 11.9 0.0 0.4 1.6 12.9 17:40 ENE 31 6.2 11.2 14:05 3.5 6:30 12.1 0.0 0.2 2.3 22.5 16:50 ENE ------------------------------------------------------------------------------------- 5.1 18.1 7 -7.2 24 408.0 0.0 23.2 1.5 45.1 21 SE Max >= 32.0: 0 Max <= 0.0: 0 Min <= 0.0: 11 Min <= -18.0: 0 Max Rain: 21.41 ON 28/01/11 Days of Rain: 9 (> .2 mm) 1 (> 2 mm) 1 (> 20 mm) Heat Base: 18.3 Cool Base: 18.3 Method: Integration