Resums mensuals i anuals

2019: Gen | Feb | Mar | Abr | Mai | Jun | Jul | Ago | Sep | Oct | Nov | Des 
2018: Gen | Feb | Mar | Abr | Mai | Jun | Jul | Ago | Sep | Oct | Nov | Des 
2017: Gen | Feb | Mar | Abr | Mai | Jun | Jul | Ago | Sep | Oct | Nov | Des 
2016: Gen | Feb | Mar | Abr | Mai | Jun | Jul | Ago | Sep | Oct | Nov | Des 
2015: Gen | Feb | Mar | Abr | Mai | Jun | Jul | Ago | Sep | Oct | Nov | Des 
2014: Gen | Feb | Mar | Abr | Mai | Jun | Jul | Ago | Sep | Oct | Nov | Des 
2013: Gen | Feb | Mar | Abr | Mai | Jun | Jul | Ago | Sep | Oct | Nov | Des 
2012: Gen | Feb | Mar | Abr | Mai | Jun | Jul | Ago | Sep | Oct | Nov | Des 
2011: Gen | Feb | Mar | Abr | Mai | Jun | Jul | Ago | Sep | Oct | Nov | Des 
2010: Gen | Feb | Mar | Abr | Mai | Jun | Jul | Ago | Sep | Oct | Nov | Des 

Resum pel 12 2010
MONTHLY CLIMATOLOGICAL SUMMARY for DEC. 2010 NAME: Vantage VUE CITY: Santpedor STATE: Bages ELEV: 325 m LAT: 41 47' 08" N LONG: 1 50' 24" E TEMPERATURE (C), RAIN (mm), WIND SPEED (km/hr) HEAT COOL AVG MEAN DEG DEG WIND DOM DAY TEMP HIGH TIME LOW TIME DAYS DAYS RAIN SPEED HIGH TIME DIR ------------------------------------------------------------------------------------ 1 6.2 9.9 13:35 2.1 23:15 12.1 0.0 0.4 3.9 25.7 15:55 W 2 3.3 8.5 15:05 0.3 6:35 15.0 0.0 0.0 2.3 27.4 14:20 W 3 2.7 8.2 14:40 -1.3 7:40 15.6 0.0 0.0 2.4 22.5 15:00 WNW 4 1.1 8.3 15:10 -3.2 6:30 17.2 0.0 0.0 1.1 12.9 9:50 SE 5 2.9 6.5 15:10 -1.1 0:05 15.3 0.0 1.0 0.6 6.4 5:40 SE 6 8.2 15.1 15:25 3.6 6:15 10.1 0.0 0.0 0.8 9.7 23:00 NNW 7 11.7 19.3 14:40 6.3 5:15 6.7 0.0 0.0 1.0 14.5 15:05 SE 8 12.6 18.4 14:15 9.1 7:15 5.7 0.0 1.8 1.4 22.5 13:35 W 9 11.2 16.1 12:35 8.4 4:35 7.1 0.0 0.0 1.8 19.3 13:50 W 10 9.2 14.4 14:15 3.6 00:00 9.1 0.0 0.0 1.6 17.7 2:20 SE 11 4.6 13.0 14:40 0.2 8:20 13.8 0.0 0.2 0.8 6.4 4:25 SE 12 4.6 12.3 14:05 -0.2 6:50 13.7 0.0 0.2 0.5 6.4 13:30 W 13 4.9 10.9 14:50 -0.3 7:10 13.4 0.0 0.0 0.5 6.4 1:50 SE 14 5.9 9.4 11:20 1.2 23:05 12.3 0.0 0.2 2.4 24.1 12:30 W 15 2.2 8.2 12:20 -2.2 23:20 16.1 0.0 0.0 3.4 24.1 14:05 WNW 16 1.4 7.2 15:20 -3.9 7:25 16.8 0.0 0.0 2.4 25.7 12:45 SE 17 2.6 8.1 14:35 -1.3 2:10 15.7 0.0 0.0 1.9 20.9 9:45 NNW 18 1.2 8.1 14:40 -3.0 7:15 17.1 0.0 0.0 1.3 11.3 13:30 SE 19 3.5 12.3 15:10 -2.2 1:50 14.8 0.0 0.0 0.6 9.7 17:20 SE 20 3.9 11.9 12:45 -1.4 5:15 14.4 0.0 0.0 1.4 17.7 13:35 NNW 21 1.9 4.7 23:05 -0.8 2:45 16.4 0.0 10.4 0.3 6.4 6:40 ESE 22 7.4 9.6 00:00 4.5 0:05 10.9 0.0 4.8 0.5 11.3 20:55 SE 23 9.1 12.2 13:10 5.6 00:00 9.2 0.0 0.2 1.6 17.7 14:15 W 24 5.0 11.9 14:35 -0.5 23:50 13.3 0.0 0.0 2.1 20.9 14:55 ENE 25 2.4 8.9 13:10 -2.7 7:30 15.9 0.0 0.0 4.2 30.6 13:45 WNW 26 -0.2 5.2 13:40 -4.4 6:30 18.5 0.0 0.0 2.4 19.3 14:55 NNW 27 -0.1 8.5 15:45 -5.9 6:55 18.4 0.0 0.0 0.8 6.4 9:20 SE 28 2.2 9.7 14:40 -2.5 7:40 16.1 0.0 0.0 0.8 8.0 17:20 SE 29 3.8 11.4 15:20 0.2 0:40 14.4 0.0 0.0 0.8 8.0 14:35 SE 30 6.2 10.4 14:20 2.4 0:35 12.1 0.0 0.8 0.6 8.0 16:35 W 31 7.9 11.4 15:50 5.8 7:20 10.3 0.0 0.4 0.3 6.4 5:45 SE ------------------------------------------------------------------------------------- 4.8 19.3 7 -5.9 27 417.7 0.0 20.4 1.5 30.6 25 SE Max >= 32.0: 0 Max <= 0.0: 0 Min <= 0.0: 17 Min <= -18.0: 0 Max Rain: 10.39 ON 21/12/10 Days of Rain: 11 (> .2 mm) 2 (> 2 mm) 0 (> 20 mm) Heat Base: 18.3 Cool Base: 18.3 Method: Integration