Resums mensuals i anuals

2019: Gen | Feb | Mar | Abr | Mai | Jun | Jul | Ago | Sep | Oct | Nov | Des 
2018: Gen | Feb | Mar | Abr | Mai | Jun | Jul | Ago | Sep | Oct | Nov | Des 
2017: Gen | Feb | Mar | Abr | Mai | Jun | Jul | Ago | Sep | Oct | Nov | Des 
2016: Gen | Feb | Mar | Abr | Mai | Jun | Jul | Ago | Sep | Oct | Nov | Des 
2015: Gen | Feb | Mar | Abr | Mai | Jun | Jul | Ago | Sep | Oct | Nov | Des 
2014: Gen | Feb | Mar | Abr | Mai | Jun | Jul | Ago | Sep | Oct | Nov | Des 
2013: Gen | Feb | Mar | Abr | Mai | Jun | Jul | Ago | Sep | Oct | Nov | Des 
2012: Gen | Feb | Mar | Abr | Mai | Jun | Jul | Ago | Sep | Oct | Nov | Des 
2011: Gen | Feb | Mar | Abr | Mai | Jun | Jul | Ago | Sep | Oct | Nov | Des 
2010: Gen | Feb | Mar | Abr | Mai | Jun | Jul | Ago | Sep | Oct | Nov | Des 

Resum pel 04 2019
MONTHLY CLIMATOLOGICAL SUMMARY for APR. 2019 NAME: Vantage VUE CITY: Santpedor STATE: Bages ELEV: 325 m LAT: 41 47' 08" N LONG: 1 50' 24" E TEMPERATURE (C), RAIN (mm), WIND SPEED (km/hr) HEAT COOL AVG MEAN DEG DEG WIND DOM DAY TEMP HIGH TIME LOW TIME DAYS DAYS RAIN SPEED HIGH TIME DIR ------------------------------------------------------------------------------------ 1 13.0 20.6 13:45 7.5 4:55 5.6 0.2 0.0 3.5 25.7 14:50 ESE 2 12.9 21.2 15:20 6.1 5:40 5.6 0.2 0.0 3.4 24.1 15:10 NE 3 11.2 14.6 14:00 5.7 23:55 7.1 0.0 0.6 3.4 22.5 15:10 WSW 4 8.4 15.3 15:50 1.9 5:15 9.9 0.0 0.0 4.0 29.0 13:50 WSW 5 7.8 15.1 15:25 0.7 4:55 10.5 0.0 25.0 2.9 27.4 17:00 ESE 6 9.2 14.3 15:45 5.5 5:55 9.1 0.0 1.8 5.0 30.6 10:30 WSW 7 8.4 16.7 12:15 2.3 5:40 9.9 0.0 0.8 2.7 24.1 13:45 NW 8 11.7 19.2 15:25 4.0 4:30 6.7 0.0 0.2 2.9 22.5 11:50 WSW 9 10.5 16.8 13:10 6.3 23:20 7.8 0.0 0.4 2.9 29.0 14:25 ESE 10 10.0 18.6 15:15 3.3 6:00 8.3 0.0 1.8 2.6 27.4 15:35 ESE 11 12.1 19.5 13:00 4.5 5:05 6.2 0.1 0.2 2.6 22.5 12:50 WSW 12 12.7 20.6 15:20 7.6 4:40 5.9 0.3 0.0 3.7 29.0 15:50 SE 13 13.2 21.9 14:40 6.5 4:35 5.6 0.6 0.0 3.2 24.1 16:20 WSW 14 12.3 20.4 12:00 4.8 4:00 6.3 0.3 0.0 3.9 25.7 14:50 SE 15 11.6 16.7 14:05 5.9 5:30 6.8 0.0 0.8 3.9 22.5 14:25 SE 16 12.3 18.8 13:40 5.4 5:30 6.0 0.0 0.2 2.7 20.9 16:20 ESE 17 13.7 19.3 13:55 7.7 5:00 4.6 0.1 0.0 3.7 25.7 14:35 SSE 18 13.9 19.6 14:00 8.5 6:10 4.4 0.1 0.0 6.3 33.8 23:20 NE 19 16.4 20.3 13:10 14.2 0:55 2.2 0.3 0.0 12.7 45.1 9:40 NE 20 14.4 18.7 11:20 8.4 22:15 3.9 0.0 11.6 10.5 38.6 8:45 NE 21 13.9 17.2 14:25 8.8 0:10 4.4 0.0 0.0 9.2 37.0 8:10 NE 22 14.8 16.9 9:15 12.9 19:10 3.5 0.0 0.2 8.0 41.8 11:35 NE 23 14.9 20.6 13:55 11.7 6:00 3.5 0.1 0.0 3.7 29.0 16:45 SE 24 13.6 17.6 15:05 9.2 4:30 3.2 0.0 0.2 4.8 25.7 9:45 WSW 25 26 27 28 29 30 ------------------------------------------------------------------------------------- 12.2 21.9 13 0.7 5 147.1 2.2 43.8 4.7 45.1 19 NE Max >= 32.0: 0 Max <= 0.0: 0 Min <= 0.0: 0 Min <= -18.0: 0 Max Rain: 24.99 ON 05/04/19 Days of Rain: 13 (> .2 mm) 2 (> 2 mm) 1 (> 20 mm) Heat Base: 18.3 Cool Base: 18.3 Method: Integration