Resums mensuals i anuals

2020: Gen | Feb | Mar | Abr | Mai | Jun | Jul | Ago | Sep | Oct | Nov | Des 
2019: Gen | Feb | Mar | Abr | Mai | Jun | Jul | Ago | Sep | Oct | Nov | Des 
2018: Gen | Feb | Mar | Abr | Mai | Jun | Jul | Ago | Sep | Oct | Nov | Des 
2017: Gen | Feb | Mar | Abr | Mai | Jun | Jul | Ago | Sep | Oct | Nov | Des 
2016: Gen | Feb | Mar | Abr | Mai | Jun | Jul | Ago | Sep | Oct | Nov | Des 
2015: Gen | Feb | Mar | Abr | Mai | Jun | Jul | Ago | Sep | Oct | Nov | Des 
2014: Gen | Feb | Mar | Abr | Mai | Jun | Jul | Ago | Sep | Oct | Nov | Des 
2013: Gen | Feb | Mar | Abr | Mai | Jun | Jul | Ago | Sep | Oct | Nov | Des 
2012: Gen | Feb | Mar | Abr | Mai | Jun | Jul | Ago | Sep | Oct | Nov | Des 
2011: Gen | Feb | Mar | Abr | Mai | Jun | Jul | Ago | Sep | Oct | Nov | Des 
2010: Gen | Feb | Mar | Abr | Mai | Jun | Jul | Ago | Sep | Oct | Nov | Des 

Resum pel 10 2020
MONTHLY CLIMATOLOGICAL SUMMARY for OCT. 2020 NAME: Meteo Santpedor CITY: Santpedor STATE: Bages ELEV: 331 m LAT: 41 47' 08" N LONG: 1 50' 24" E TEMPERATURE (C), RAIN (mm), WIND SPEED (km/hr) HEAT COOL AVG MEAN DEG DEG WIND DOM DAY TEMP HIGH TIME LOW TIME DAYS DAYS RAIN SPEED HIGH TIME DIR ------------------------------------------------------------------------------------ 1 17.7 26.2 12:50 11.6 6:25 1.2 3.3 0.0 3.2 25.7 16:05 WSW 2 13.7 17.5 11:05 7.6 23:50 2.1 0.3 7.2 2.4 25.7 11:05 W 3 11.8 16.3 11:35 6.8 3:30 3.7 0.0 0.0 5.1 41.8 11:45 W 4 12.7 18.8 14:40 5.7 6:05 3.5 0.7 0.0 4.5 33.8 10:20 W 5 13.7 20.9 15:45 7.1 5:15 3.1 1.2 0.0 2.9 22.5 16:00 W 6 15.9 23.9 15:40 7.1 5:40 2.4 2.8 0.0 2.4 27.4 14:50 W 7 17.8 25.2 14:45 12.7 5:50 0.6 2.9 0.0 3.7 25.7 15:25 SSE 8 18.6 24.9 14:25 14.0 4:45 0.2 3.3 0.0 1.8 14.5 13:05 SE 9 18.7 25.4 14:45 13.9 5:00 0.2 3.4 0.0 1.8 16.1 15:00 SSE 10 17.7 22.1 12:15 13.8 00:00 0.1 2.3 6.2 3.1 27.4 14:45 W 11 13.6 20.4 13:05 8.2 22:50 2.8 0.9 0.0 3.4 40.2 13:25 W 12 13.2 20.9 14:15 4.8 5:45 3.6 1.3 0.0 3.7 30.6 11:50 W 13 14.2 21.6 15:25 8.9 6:05 2.4 1.1 0.0 3.1 24.1 16:20 SSE 14 9.6 15.9 14:10 3.4 00:00 5.9 0.0 16.6 2.1 51.5 15:55 W 15 7.9 17.8 14:20 1.8 3:45 7.7 0.2 0.2 2.3 33.8 14:45 ENE 16 8.8 17.6 14:50 1.6 5:15 6.9 0.2 0.0 1.3 11.3 16:40 SE 17 9.7 18.5 13:55 1.6 6:20 6.3 0.4 0.0 1.3 16.1 13:20 W 18 10.8 19.8 15:35 2.8 6:15 5.4 0.6 0.0 1.0 11.3 15:45 SSE 19 11.6 19.0 14:50 4.5 5:50 4.5 0.6 0.0 1.6 17.7 14:00 SE 20 15.7 19.7 14:00 11.7 6:00 1.2 1.4 0.0 2.6 20.9 18:30 NE 21 18.7 24.8 15:05 14.3 23:20 0.0 3.3 0.0 2.9 17.7 3:05 NNW 22 15.4 18.5 12:40 13.4 23:50 0.7 0.6 3.0 1.1 16.1 18:30 NW 23 15.3 20.6 14:45 10.3 00:00 1.5 1.3 0.2 3.1 32.2 12:15 W 24 12.9 19.9 14:05 6.5 6:00 3.5 0.9 0.0 1.8 20.9 12:25 WSW 25 13.7 19.5 13:55 8.7 6:05 2.5 0.8 0.0 3.5 33.8 10:40 W 26 12.8 17.3 13:30 6.9 00:00 2.8 0.2 0.0 4.7 29.0 13:55 W 27 10.1 16.3 14:05 4.2 3:40 5.5 0.0 0.0 1.6 14.5 12:45 NNW 28 12.6 21.1 14:45 5.4 6:10 4.0 1.1 0.0 1.3 16.1 15:05 W 29 12.9 20.8 13:45 7.7 3:55 3.6 1.0 0.0 1.3 20.9 13:55 W 30 13.6 24.2 15:10 5.7 6:40 3.0 1.7 0.0 0.8 9.7 12:25 SE 31 ------------------------------------------------------------------------------------- 13.7 26.2 1 1.6 16 91.0 37.8 33.4 2.5 51.5 14 W Max >= 32.0: 0 Max <= 0.0: 0 Min <= 0.0: 0 Min <= -18.0: 0 Max Rain: 16.61 ON 14/10/20 Days of Rain: 6 (> .2 mm) 4 (> 2 mm) 0 (> 20 mm) Heat Base: 15.5 Cool Base: 15.5 Method: Integration