Resums mensuals i anuals

2022: Gen | Feb | Mar | Abr | Mai | Jun | Jul | Ago | Sep | Oct | Nov | Des 
2021: Gen | Feb | Mar | Abr | Mai | Jun | Jul | Ago | Sep | Oct | Nov | Des 
2020: Gen | Feb | Mar | Abr | Mai | Jun | Jul | Ago | Sep | Oct | Nov | Des 
2019: Gen | Feb | Mar | Abr | Mai | Jun | Jul | Ago | Sep | Oct | Nov | Des 
2018: Gen | Feb | Mar | Abr | Mai | Jun | Jul | Ago | Sep | Oct | Nov | Des 
2017: Gen | Feb | Mar | Abr | Mai | Jun | Jul | Ago | Sep | Oct | Nov | Des 
2016: Gen | Feb | Mar | Abr | Mai | Jun | Jul | Ago | Sep | Oct | Nov | Des 
2015: Gen | Feb | Mar | Abr | Mai | Jun | Jul | Ago | Sep | Oct | Nov | Des 
2014: Gen | Feb | Mar | Abr | Mai | Jun | Jul | Ago | Sep | Oct | Nov | Des 
2013: Gen | Feb | Mar | Abr | Mai | Jun | Jul | Ago | Sep | Oct | Nov | Des 
2012: Gen | Feb | Mar | Abr | Mai | Jun | Jul | Ago | Sep | Oct | Nov | Des 
2011: Gen | Feb | Mar | Abr | Mai | Jun | Jul | Ago | Sep | Oct | Nov | Des 
2010: Gen | Feb | Mar | Abr | Mai | Jun | Jul | Ago | Sep | Oct | Nov | Des 

Resum pel 05 2022
MONTHLY CLIMATOLOGICAL SUMMARY for MAY. 2022 NAME: Meteo Santpedor CITY: Santpedor STATE: Catalunya ELEV: 331 m LAT: 41 48' 00" N LONG: 1 48' 00" E TEMPERATURE (C), RAIN (mm), WIND SPEED (km/hr) HEAT COOL AVG MEAN DEG DEG WIND DOM DAY TEMP HIGH TIME LOW TIME DAYS DAYS RAIN SPEED HIGH TIME DIR ------------------------------------------------------------------------------------ 1 15.4 23.4 13:05 9.4 5:30 3.8 0.9 2.0 3.1 27.4 14:15 SSE 2 15.2 18.7 11:00 12.6 5:45 3.2 0.0 1.6 2.3 17.7 11:25 NNW 3 13.4 18.6 16:05 11.0 6:05 4.9 0.0 11.8 1.6 20.9 16:25 NNW 4 13.8 20.8 13:30 9.3 4:05 4.8 0.3 8.2 2.1 24.1 17:05 SSE 5 14.2 22.4 14:00 8.1 4:55 4.6 0.4 0.4 1.9 22.5 15:20 NW 6 15.9 24.9 15:35 7.8 4:45 3.8 1.4 0.2 2.6 22.5 12:20 W 7 16.3 25.7 15:45 7.3 5:05 3.7 1.7 0.0 2.6 22.5 17:40 W 8 16.4 24.7 12:35 7.7 4:55 3.5 1.6 0.0 3.1 32.2 13:35 SSE 9 17.6 25.8 11:45 8.8 5:00 2.9 2.1 0.0 3.1 30.6 12:35 SSE 10 18.8 27.9 13:30 9.8 4:45 2.4 2.9 0.0 3.4 25.7 14:10 SE 11 18.6 27.2 13:15 9.8 4:35 2.5 2.7 0.0 4.7 30.6 14:15 SE 12 18.4 27.3 14:20 9.6 4:40 2.6 2.7 0.0 3.7 25.7 13:40 SSE 13 18.4 27.7 14:00 8.6 4:35 2.8 2.9 0.0 3.5 25.7 16:45 SSE 14 20.6 29.6 13:05 11.3 4:20 1.7 4.0 0.0 3.5 25.7 13:50 SSE 15 20.9 29.8 14:25 12.3 4:50 1.3 4.0 0.0 4.2 32.2 15:00 SSE 16 22.2 31.7 13:10 12.9 3:40 1.1 5.0 0.0 3.4 25.7 14:55 SE 17 23.2 31.7 12:10 13.7 4:45 0.8 5.6 0.0 4.3 29.0 13:20 SSE 18 23.9 32.9 12:45 15.4 4:50 0.4 6.1 0.0 3.7 30.6 14:35 SSE 19 23.0 31.2 12:15 15.3 4:45 0.5 5.2 0.0 3.9 29.0 13:40 SSE 20 23.6 33.6 13:30 14.1 4:20 0.7 6.1 0.0 3.4 25.7 14:00 SSE 21 17.6 17.9 0:05 17.3 0:25 0.0 0.0 0.0 0.0 1.6 0:25 NW 22 23 24 25 26 27 28 29 30 31 ------------------------------------------------------------------------------------- 18.4 33.6 20 7.3 7 51.8 55.5 24.2 3.0 32.2 8 SSE Max >= 32.0: 2 Max <= 0.0: 0 Min <= 0.0: 0 Min <= -18.0: 0 Max Rain: 11.81 ON 03/05/22 Days of Rain: 6 (> .2 mm) 3 (> 2 mm) 0 (> 20 mm) Heat Base: 18.3 Cool Base: 18.3 Method: Integration